{"id":1558,"date":"2022-01-15T23:55:10","date_gmt":"2022-01-15T23:55:10","guid":{"rendered":"https:\/\/www.fondationjfp.com\/produit\/dvd-concert-du-4-decembre-2019\/"},"modified":"2022-04-15T00:23:20","modified_gmt":"2022-04-15T00:23:20","slug":"dvd-december-4-2019-concert","status":"publish","type":"product","link":"https:\/\/www.fondationjfp.com\/en\/product\/dvd-december-4-2019-concert\/","title":{"rendered":"DVD &#8211; December 4, 2019 Concert"},"content":{"rendered":"<p><strong>Detailed program:<\/strong><\/p>\n<p><u>Choeur concentration JFP &#8211; Pascal C\u00f4t\u00e9<\/u><br \/>\n1.\u00a0Va, pensiero &#8211; Giuseppe Verdi<br \/>\n2. Caresse sur l&#8217;oc\u00e9an &#8211; Bruno Coulais<\/p>\n<p><u>Orchestre \u00e0 cordes 4\u00e8me et 5\u00e8me secondaire concentration &#8211; Kristin Molnar<\/u><\/p>\n<p>3. Concerto brandebourgeois no. 5 &#8211; Johann Sebastian Bach<br \/>\n4. S\u00e9r\u00e9nade pour cordes, Finale &#8211; Piotr Ilitch Tcha\u00efkovsky<br \/>\n5. Danse hongroise no. 1 &#8211;\u00a0Piotr Ilitch Tcha\u00efkovsky<br \/>\n6. Deck the Hall of the Mountain King<\/p>\n<p><u>Harmonie\u00a04\u00e8me et 5\u00e8me secondaire concentration &#8211; Jocelyne Lemay<\/u><br \/>\n7. Celebration and Dance &#8211; James Swearingen<br \/>\n8.\u00a0Marche diabolique &#8211; Brian Balmages<br \/>\n9. When Spirits Soar &#8211; Brian Balmages<br \/>\n10. Sleigh Ride &#8211; Leroy Anderse, arr. Michael Story<\/p>\n<p><u>Orchestre Symphonique Interm\u00e9diaire JFP &#8211; St\u00e9phane Forgues<\/u><br \/>\n11. Russian and Chorale Overture &#8211; Folklore russe\u00a0(arr. Merle J. Isaac)<\/p>\n<p>12. La fianc\u00e9e vendue, Polka &#8211; Bedrich Smetana (arr. David Stone)<br \/>\n13. Ouverture Rosamunde &#8211; Franz Schubert (arr. Vernon Leidig)<br \/>\n14. Thunder and Lightning Polka &#8211; Johann Strauss (arr. Merle J. Isaac)<\/p>\n","protected":false},"excerpt":{"rendered":"<p>DVD of the December 4, 2019 Concert at Salle Claude Champagne where the JFP Intermediate Symphony Orchestra, the Concentration Choir as well as the String Orchestra and the Concentration Secondary 4 and 5 Band performed.<\/p>\n","protected":false},"featured_media":1144,"template":"","meta":[],"product_brand":[],"product_cat":[43,42],"product_tag":[],"class_list":{"0":"post-1558","1":"product","2":"type-product","3":"status-publish","4":"has-post-thumbnail","6":"product_cat-non-classe-en","7":"product_cat-dvds-de-concert-en","9":"first","10":"outofstock","11":"shipping-taxable","12":"purchasable","13":"product-type-simple"},"yoast_head":"<!-- This site is optimized with the Yoast SEO plugin v24.5 - https:\/\/yoast.com\/wordpress\/plugins\/seo\/ -->\n<title>DVD - December 4, 2019 Concert | Fondation JFP<\/title>\n<meta name=\"robots\" content=\"index, follow, max-snippet:-1, max-image-preview:large, max-video-preview:-1\" \/>\n<link rel=\"canonical\" href=\"https:\/\/www.fondationjfp.com\/en\/product\/dvd-december-4-2019-concert\/\" \/>\n<meta property=\"og:locale\" content=\"en_US\" \/>\n<meta property=\"og:type\" content=\"article\" \/>\n<meta property=\"og:title\" content=\"DVD - December 4, 2019 Concert | Fondation JFP\" \/>\n<meta property=\"og:description\" content=\"DVD of the December 4, 2019 Concert at Salle Claude Champagne where the JFP Intermediate Symphony Orchestra, the Concentration Choir as well as the String Orchestra and the Concentration Secondary 4 and 5 Band performed.\" \/>\n<meta property=\"og:url\" content=\"https:\/\/www.fondationjfp.com\/en\/product\/dvd-december-4-2019-concert\/\" \/>\n<meta property=\"og:site_name\" content=\"Fondation JFP\" \/>\n<meta property=\"article:modified_time\" content=\"2022-04-15T00:23:20+00:00\" \/>\n<meta property=\"og:image\" content=\"https:\/\/www.fondationjfp.com\/wp-content\/uploads\/2022\/01\/f2b700_dc94609b9a25472eb867c8dfdea2be7c_mv2.webp\" \/>\n\t<meta property=\"og:image:width\" content=\"500\" \/>\n\t<meta property=\"og:image:height\" content=\"333\" \/>\n\t<meta property=\"og:image:type\" content=\"image\/webp\" \/>\n<meta name=\"twitter:card\" content=\"summary_large_image\" \/>\n<meta name=\"twitter:label1\" content=\"Est. reading time\" \/>\n\t<meta name=\"twitter:data1\" content=\"1 minute\" \/>\n<script type=\"application\/ld+json\" class=\"yoast-schema-graph\">{\"@context\":\"https:\/\/schema.org\",\"@graph\":[{\"@type\":\"WebPage\",\"@id\":\"https:\/\/www.fondationjfp.com\/en\/product\/dvd-december-4-2019-concert\/\",\"url\":\"https:\/\/www.fondationjfp.com\/en\/product\/dvd-december-4-2019-concert\/\",\"name\":\"DVD - December 4, 2019 Concert | Fondation JFP\",\"isPartOf\":{\"@id\":\"https:\/\/www.fondationjfp.com\/en\/#website\"},\"primaryImageOfPage\":{\"@id\":\"https:\/\/www.fondationjfp.com\/en\/product\/dvd-december-4-2019-concert\/#primaryimage\"},\"image\":{\"@id\":\"https:\/\/www.fondationjfp.com\/en\/product\/dvd-december-4-2019-concert\/#primaryimage\"},\"thumbnailUrl\":\"https:\/\/www.fondationjfp.com\/wp-content\/uploads\/2022\/01\/f2b700_dc94609b9a25472eb867c8dfdea2be7c_mv2.webp\",\"datePublished\":\"2022-01-15T23:55:10+00:00\",\"dateModified\":\"2022-04-15T00:23:20+00:00\",\"breadcrumb\":{\"@id\":\"https:\/\/www.fondationjfp.com\/en\/product\/dvd-december-4-2019-concert\/#breadcrumb\"},\"inLanguage\":\"en-US\",\"potentialAction\":[{\"@type\":\"ReadAction\",\"target\":[\"https:\/\/www.fondationjfp.com\/en\/product\/dvd-december-4-2019-concert\/\"]}]},{\"@type\":\"ImageObject\",\"inLanguage\":\"en-US\",\"@id\":\"https:\/\/www.fondationjfp.com\/en\/product\/dvd-december-4-2019-concert\/#primaryimage\",\"url\":\"https:\/\/www.fondationjfp.com\/wp-content\/uploads\/2022\/01\/f2b700_dc94609b9a25472eb867c8dfdea2be7c_mv2.webp\",\"contentUrl\":\"https:\/\/www.fondationjfp.com\/wp-content\/uploads\/2022\/01\/f2b700_dc94609b9a25472eb867c8dfdea2be7c_mv2.webp\",\"width\":500,\"height\":333},{\"@type\":\"BreadcrumbList\",\"@id\":\"https:\/\/www.fondationjfp.com\/en\/product\/dvd-december-4-2019-concert\/#breadcrumb\",\"itemListElement\":[{\"@type\":\"ListItem\",\"position\":1,\"name\":\"Accueil\",\"item\":\"https:\/\/www.fondationjfp.com\/en\/\"},{\"@type\":\"ListItem\",\"position\":2,\"name\":\"Boutique\",\"item\":\"https:\/\/www.fondationjfp.com\/boutique\/\"},{\"@type\":\"ListItem\",\"position\":3,\"name\":\"DVD &#8211; December 4, 2019 Concert\"}]},{\"@type\":\"WebSite\",\"@id\":\"https:\/\/www.fondationjfp.com\/en\/#website\",\"url\":\"https:\/\/www.fondationjfp.com\/en\/\",\"name\":\"Fondation JFP\",\"description\":\"Soutenir les r\u00eaves et l&#039;excellence en musique\",\"publisher\":{\"@id\":\"https:\/\/www.fondationjfp.com\/en\/#organization\"},\"potentialAction\":[{\"@type\":\"SearchAction\",\"target\":{\"@type\":\"EntryPoint\",\"urlTemplate\":\"https:\/\/www.fondationjfp.com\/en\/?s={search_term_string}\"},\"query-input\":{\"@type\":\"PropertyValueSpecification\",\"valueRequired\":true,\"valueName\":\"search_term_string\"}}],\"inLanguage\":\"en-US\"},{\"@type\":\"Organization\",\"@id\":\"https:\/\/www.fondationjfp.com\/en\/#organization\",\"name\":\"Fondation Joseph-Fran\u00e7ois-Perrault\",\"url\":\"https:\/\/www.fondationjfp.com\/en\/\",\"logo\":{\"@type\":\"ImageObject\",\"inLanguage\":\"en-US\",\"@id\":\"https:\/\/www.fondationjfp.com\/en\/#\/schema\/logo\/image\/\",\"url\":\"https:\/\/www.fondationjfp.com\/wp-content\/uploads\/2021\/11\/logo-complet-blanc-1.png\",\"contentUrl\":\"https:\/\/www.fondationjfp.com\/wp-content\/uploads\/2021\/11\/logo-complet-blanc-1.png\",\"width\":551,\"height\":63,\"caption\":\"Fondation Joseph-Fran\u00e7ois-Perrault\"},\"image\":{\"@id\":\"https:\/\/www.fondationjfp.com\/en\/#\/schema\/logo\/image\/\"}}]}<\/script>\n<!-- \/ Yoast SEO plugin. -->","yoast_head_json":{"title":"DVD - December 4, 2019 Concert | Fondation JFP","robots":{"index":"index","follow":"follow","max-snippet":"max-snippet:-1","max-image-preview":"max-image-preview:large","max-video-preview":"max-video-preview:-1"},"canonical":"https:\/\/www.fondationjfp.com\/en\/product\/dvd-december-4-2019-concert\/","og_locale":"en_US","og_type":"article","og_title":"DVD - December 4, 2019 Concert | Fondation JFP","og_description":"DVD of the December 4, 2019 Concert at Salle Claude Champagne where the JFP Intermediate Symphony Orchestra, the Concentration Choir as well as the String Orchestra and the Concentration Secondary 4 and 5 Band performed.","og_url":"https:\/\/www.fondationjfp.com\/en\/product\/dvd-december-4-2019-concert\/","og_site_name":"Fondation JFP","article_modified_time":"2022-04-15T00:23:20+00:00","og_image":[{"width":500,"height":333,"url":"https:\/\/www.fondationjfp.com\/wp-content\/uploads\/2022\/01\/f2b700_dc94609b9a25472eb867c8dfdea2be7c_mv2.webp","type":"image\/webp"}],"twitter_card":"summary_large_image","twitter_misc":{"Est. reading time":"1 minute"},"schema":{"@context":"https:\/\/schema.org","@graph":[{"@type":"WebPage","@id":"https:\/\/www.fondationjfp.com\/en\/product\/dvd-december-4-2019-concert\/","url":"https:\/\/www.fondationjfp.com\/en\/product\/dvd-december-4-2019-concert\/","name":"DVD - December 4, 2019 Concert | Fondation JFP","isPartOf":{"@id":"https:\/\/www.fondationjfp.com\/en\/#website"},"primaryImageOfPage":{"@id":"https:\/\/www.fondationjfp.com\/en\/product\/dvd-december-4-2019-concert\/#primaryimage"},"image":{"@id":"https:\/\/www.fondationjfp.com\/en\/product\/dvd-december-4-2019-concert\/#primaryimage"},"thumbnailUrl":"https:\/\/www.fondationjfp.com\/wp-content\/uploads\/2022\/01\/f2b700_dc94609b9a25472eb867c8dfdea2be7c_mv2.webp","datePublished":"2022-01-15T23:55:10+00:00","dateModified":"2022-04-15T00:23:20+00:00","breadcrumb":{"@id":"https:\/\/www.fondationjfp.com\/en\/product\/dvd-december-4-2019-concert\/#breadcrumb"},"inLanguage":"en-US","potentialAction":[{"@type":"ReadAction","target":["https:\/\/www.fondationjfp.com\/en\/product\/dvd-december-4-2019-concert\/"]}]},{"@type":"ImageObject","inLanguage":"en-US","@id":"https:\/\/www.fondationjfp.com\/en\/product\/dvd-december-4-2019-concert\/#primaryimage","url":"https:\/\/www.fondationjfp.com\/wp-content\/uploads\/2022\/01\/f2b700_dc94609b9a25472eb867c8dfdea2be7c_mv2.webp","contentUrl":"https:\/\/www.fondationjfp.com\/wp-content\/uploads\/2022\/01\/f2b700_dc94609b9a25472eb867c8dfdea2be7c_mv2.webp","width":500,"height":333},{"@type":"BreadcrumbList","@id":"https:\/\/www.fondationjfp.com\/en\/product\/dvd-december-4-2019-concert\/#breadcrumb","itemListElement":[{"@type":"ListItem","position":1,"name":"Accueil","item":"https:\/\/www.fondationjfp.com\/en\/"},{"@type":"ListItem","position":2,"name":"Boutique","item":"https:\/\/www.fondationjfp.com\/boutique\/"},{"@type":"ListItem","position":3,"name":"DVD &#8211; December 4, 2019 Concert"}]},{"@type":"WebSite","@id":"https:\/\/www.fondationjfp.com\/en\/#website","url":"https:\/\/www.fondationjfp.com\/en\/","name":"Fondation JFP","description":"Soutenir les r\u00eaves et l&#039;excellence en musique","publisher":{"@id":"https:\/\/www.fondationjfp.com\/en\/#organization"},"potentialAction":[{"@type":"SearchAction","target":{"@type":"EntryPoint","urlTemplate":"https:\/\/www.fondationjfp.com\/en\/?s={search_term_string}"},"query-input":{"@type":"PropertyValueSpecification","valueRequired":true,"valueName":"search_term_string"}}],"inLanguage":"en-US"},{"@type":"Organization","@id":"https:\/\/www.fondationjfp.com\/en\/#organization","name":"Fondation Joseph-Fran\u00e7ois-Perrault","url":"https:\/\/www.fondationjfp.com\/en\/","logo":{"@type":"ImageObject","inLanguage":"en-US","@id":"https:\/\/www.fondationjfp.com\/en\/#\/schema\/logo\/image\/","url":"https:\/\/www.fondationjfp.com\/wp-content\/uploads\/2021\/11\/logo-complet-blanc-1.png","contentUrl":"https:\/\/www.fondationjfp.com\/wp-content\/uploads\/2021\/11\/logo-complet-blanc-1.png","width":551,"height":63,"caption":"Fondation Joseph-Fran\u00e7ois-Perrault"},"image":{"@id":"https:\/\/www.fondationjfp.com\/en\/#\/schema\/logo\/image\/"}}]}},"_links":{"self":[{"href":"https:\/\/www.fondationjfp.com\/en\/wp-json\/wp\/v2\/product\/1558","targetHints":{"allow":["GET"]}}],"collection":[{"href":"https:\/\/www.fondationjfp.com\/en\/wp-json\/wp\/v2\/product"}],"about":[{"href":"https:\/\/www.fondationjfp.com\/en\/wp-json\/wp\/v2\/types\/product"}],"wp:featuredmedia":[{"embeddable":true,"href":"https:\/\/www.fondationjfp.com\/en\/wp-json\/wp\/v2\/media\/1144"}],"wp:attachment":[{"href":"https:\/\/www.fondationjfp.com\/en\/wp-json\/wp\/v2\/media?parent=1558"}],"wp:term":[{"taxonomy":"product_brand","embeddable":true,"href":"https:\/\/www.fondationjfp.com\/en\/wp-json\/wp\/v2\/product_brand?post=1558"},{"taxonomy":"product_cat","embeddable":true,"href":"https:\/\/www.fondationjfp.com\/en\/wp-json\/wp\/v2\/product_cat?post=1558"},{"taxonomy":"product_tag","embeddable":true,"href":"https:\/\/www.fondationjfp.com\/en\/wp-json\/wp\/v2\/product_tag?post=1558"}],"curies":[{"name":"wp","href":"https:\/\/api.w.org\/{rel}","templated":true}]}}

<p><strong>Detailed program:</strong></p>
<p><u>Choeur concentration JFP &#8211; Pascal Côté</u><br />
1. Va, pensiero &#8211; Giuseppe Verdi<br />
2. Caresse sur l&#8217;océan &#8211; Bruno Coulais</p>
<p><u>Orchestre à cordes 4ème et 5ème secondaire concentration &#8211; Kristin Molnar</u></p>
<p>3. Concerto brandebourgeois no. 5 &#8211; Johann Sebastian Bach<br />
4. Sérénade pour cordes, Finale &#8211; Piotr Ilitch Tchaïkovsky<br />
5. Danse hongroise no. 1 &#8211; Piotr Ilitch Tchaïkovsky<br />
6. Deck the Hall of the Mountain King</p>
<p><u>Harmonie 4ème et 5ème secondaire concentration &#8211; Jocelyne Lemay</u><br />
7. Celebration and Dance &#8211; James Swearingen<br />
8. Marche diabolique &#8211; Brian Balmages<br />
9. When Spirits Soar &#8211; Brian Balmages<br />
10. Sleigh Ride &#8211; Leroy Anderse, arr. Michael Story</p>
<p><u>Orchestre Symphonique Intermédiaire JFP &#8211; Stéphane Forgues</u><br />
11. Russian and Chorale Overture &#8211; Folklore russe (arr. Merle J. Isaac)</p>
<p>12. La fiancée vendue, Polka &#8211; Bedrich Smetana (arr. David Stone)<br />
13. Ouverture Rosamunde &#8211; Franz Schubert (arr. Vernon Leidig)<br />
14. Thunder and Lightning Polka &#8211; Johann Strauss (arr. Merle J. Isaac)</p>

<!-- This site is optimized with the Yoast SEO plugin v24.5 - https://yoast.com/wordpress/plugins/seo/ -->
<title>DVD - December 4, 2019 Concert | Fondation JFP</title>
<meta name="robots" content="index, follow, max-snippet:-1, max-image-preview:large, max-video-preview:-1" />
<link rel="canonical" href="https://www.fondationjfp.com/en/product/dvd-december-4-2019-concert/" />
<meta property="og:locale" content="en_US" />
<meta property="og:type" content="article" />
<meta property="og:title" content="DVD - December 4, 2019 Concert | Fondation JFP" />
<meta property="og:description" content="DVD of the December 4, 2019 Concert at Salle Claude Champagne where the JFP Intermediate Symphony Orchestra, the Concentration Choir as well as the String Orchestra and the Concentration Secondary 4 and 5 Band performed." />
<meta property="og:url" content="https://www.fondationjfp.com/en/product/dvd-december-4-2019-concert/" />
<meta property="og:site_name" content="Fondation JFP" />
<meta property="article:modified_time" content="2022-04-15T00:23:20+00:00" />
<meta property="og:image" content="https://www.fondationjfp.com/wp-content/uploads/2022/01/f2b700_dc94609b9a25472eb867c8dfdea2be7c_mv2.webp" />
	<meta property="og:image:width" content="500" />
	<meta property="og:image:height" content="333" />
	<meta property="og:image:type" content="image/webp" />
<meta name="twitter:card" content="summary_large_image" />
<meta name="twitter:label1" content="Est. reading time" />
	<meta name="twitter:data1" content="1 minute" />
<script type="application/ld+json" class="yoast-schema-graph">{"@context":"https://schema.org","@graph":[{"@type":"WebPage","@id":"https://www.fondationjfp.com/en/product/dvd-december-4-2019-concert/","url":"https://www.fondationjfp.com/en/product/dvd-december-4-2019-concert/","name":"DVD - December 4, 2019 Concert | Fondation JFP","isPartOf":{"@id":"https://www.fondationjfp.com/en/#website"},"primaryImageOfPage":{"@id":"https://www.fondationjfp.com/en/product/dvd-december-4-2019-concert/#primaryimage"},"image":{"@id":"https://www.fondationjfp.com/en/product/dvd-december-4-2019-concert/#primaryimage"},"thumbnailUrl":"https://www.fondationjfp.com/wp-content/uploads/2022/01/f2b700_dc94609b9a25472eb867c8dfdea2be7c_mv2.webp","datePublished":"2022-01-15T23:55:10+00:00","dateModified":"2022-04-15T00:23:20+00:00","breadcrumb":{"@id":"https://www.fondationjfp.com/en/product/dvd-december-4-2019-concert/#breadcrumb"},"inLanguage":"en-US","potentialAction":[{"@type":"ReadAction","target":["https://www.fondationjfp.com/en/product/dvd-december-4-2019-concert/"]}]},{"@type":"ImageObject","inLanguage":"en-US","@id":"https://www.fondationjfp.com/en/product/dvd-december-4-2019-concert/#primaryimage","url":"https://www.fondationjfp.com/wp-content/uploads/2022/01/f2b700_dc94609b9a25472eb867c8dfdea2be7c_mv2.webp","contentUrl":"https://www.fondationjfp.com/wp-content/uploads/2022/01/f2b700_dc94609b9a25472eb867c8dfdea2be7c_mv2.webp","width":500,"height":333},{"@type":"BreadcrumbList","@id":"https://www.fondationjfp.com/en/product/dvd-december-4-2019-concert/#breadcrumb","itemListElement":[{"@type":"ListItem","position":1,"name":"Accueil","item":"https://www.fondationjfp.com/en/"},{"@type":"ListItem","position":2,"name":"Boutique","item":"https://www.fondationjfp.com/boutique/"},{"@type":"ListItem","position":3,"name":"DVD &#8211; December 4, 2019 Concert"}]},{"@type":"WebSite","@id":"https://www.fondationjfp.com/en/#website","url":"https://www.fondationjfp.com/en/","name":"Fondation JFP","description":"Soutenir les rêves et l&#039;excellence en musique","publisher":{"@id":"https://www.fondationjfp.com/en/#organization"},"potentialAction":[{"@type":"SearchAction","target":{"@type":"EntryPoint","urlTemplate":"https://www.fondationjfp.com/en/?s={search_term_string}"},"query-input":{"@type":"PropertyValueSpecification","valueRequired":true,"valueName":"search_term_string"}}],"inLanguage":"en-US"},{"@type":"Organization","@id":"https://www.fondationjfp.com/en/#organization","name":"Fondation Joseph-François-Perrault","url":"https://www.fondationjfp.com/en/","logo":{"@type":"ImageObject","inLanguage":"en-US","@id":"https://www.fondationjfp.com/en/#/schema/logo/image/","url":"https://www.fondationjfp.com/wp-content/uploads/2021/11/logo-complet-blanc-1.png","contentUrl":"https://www.fondationjfp.com/wp-content/uploads/2021/11/logo-complet-blanc-1.png","width":551,"height":63,"caption":"Fondation Joseph-François-Perrault"},"image":{"@id":"https://www.fondationjfp.com/en/#/schema/logo/image/"}}]}</script>
<!-- / Yoast SEO plugin. -->

Soutenir les rêves et l&#039;excellence en musique

Fondation Joseph-François-Perrault
