{"id":1554,"date":"2022-01-14T00:08:18","date_gmt":"2022-01-14T00:08:18","guid":{"rendered":"https:\/\/www.fondationjfp.com\/produit\/dvd-concert-gala-du-5-juin-2019\/"},"modified":"2022-04-15T00:23:23","modified_gmt":"2022-04-15T00:23:23","slug":"dvd-gala-concert-june-5-2019","status":"publish","type":"product","link":"https:\/\/www.fondationjfp.com\/en\/product\/dvd-gala-concert-june-5-2019\/","title":{"rendered":"DVD &#8211; Gala Concert June 5, 2019"},"content":{"rendered":"","protected":false},"excerpt":{"rendered":"<p>DVD of the Gala concert of June 5, 2019 at the Th\u00e9atre Maisonneuve with Arnaud Soly and the vocal quartet QW4RTZ to celebrate 40 years of music at Joseph-Fran\u00e7ois-Perrault.<\/p>\n<p>The JFP Symphony Orchestra conducted by \u00c9ric Levasseur and the JFP Choir conducted by Pascal C\u00f4t\u00e9 performed works by Borodin, Stravinsky, Tchaikovsky and Rossini as well as two concertos with Ka\u00efla Stephanos and Levon Markosyan.<\/p>\n","protected":false},"featured_media":1161,"template":"","meta":[],"product_brand":[],"product_cat":[43,42],"product_tag":[],"class_list":{"0":"post-1554","1":"product","2":"type-product","3":"status-publish","4":"has-post-thumbnail","6":"product_cat-non-classe-en","7":"product_cat-dvds-de-concert-en","9":"first","10":"outofstock","11":"shipping-taxable","12":"purchasable","13":"product-type-simple"},"yoast_head":"<!-- This site is optimized with the Yoast SEO plugin v24.5 - https:\/\/yoast.com\/wordpress\/plugins\/seo\/ -->\n<title>DVD - Gala Concert June 5, 2019 | Fondation JFP<\/title>\n<meta name=\"robots\" content=\"index, follow, max-snippet:-1, max-image-preview:large, max-video-preview:-1\" \/>\n<link rel=\"canonical\" href=\"https:\/\/www.fondationjfp.com\/en\/product\/dvd-gala-concert-june-5-2019\/\" \/>\n<meta property=\"og:locale\" content=\"en_US\" \/>\n<meta property=\"og:type\" content=\"article\" \/>\n<meta property=\"og:title\" content=\"DVD - Gala Concert June 5, 2019 | Fondation JFP\" \/>\n<meta property=\"og:description\" content=\"DVD of the Gala concert of June 5, 2019 at the Th\u00e9atre Maisonneuve with Arnaud Soly and the vocal quartet QW4RTZ to celebrate 40 years of music at Joseph-Fran\u00e7ois-Perrault.  The JFP Symphony Orchestra conducted by \u00c9ric Levasseur and the JFP Choir conducted by Pascal C\u00f4t\u00e9 performed works by Borodin, Stravinsky, Tchaikovsky and Rossini as well as two concertos with Ka\u00efla Stephanos and Levon Markosyan.\" \/>\n<meta property=\"og:url\" content=\"https:\/\/www.fondationjfp.com\/en\/product\/dvd-gala-concert-june-5-2019\/\" \/>\n<meta property=\"og:site_name\" content=\"Fondation JFP\" \/>\n<meta property=\"article:modified_time\" content=\"2022-04-15T00:23:23+00:00\" \/>\n<meta property=\"og:image\" content=\"https:\/\/www.fondationjfp.com\/wp-content\/uploads\/2022\/01\/f2b700_fda4721a04784b55979ad1848dbef21c_mv2.webp\" \/>\n\t<meta property=\"og:image:width\" content=\"500\" \/>\n\t<meta property=\"og:image:height\" content=\"500\" \/>\n\t<meta property=\"og:image:type\" content=\"image\/webp\" \/>\n<meta name=\"twitter:card\" content=\"summary_large_image\" \/>\n<script type=\"application\/ld+json\" class=\"yoast-schema-graph\">{\"@context\":\"https:\/\/schema.org\",\"@graph\":[{\"@type\":\"WebPage\",\"@id\":\"https:\/\/www.fondationjfp.com\/en\/product\/dvd-gala-concert-june-5-2019\/\",\"url\":\"https:\/\/www.fondationjfp.com\/en\/product\/dvd-gala-concert-june-5-2019\/\",\"name\":\"DVD - Gala Concert June 5, 2019 | Fondation JFP\",\"isPartOf\":{\"@id\":\"https:\/\/www.fondationjfp.com\/en\/#website\"},\"primaryImageOfPage\":{\"@id\":\"https:\/\/www.fondationjfp.com\/en\/product\/dvd-gala-concert-june-5-2019\/#primaryimage\"},\"image\":{\"@id\":\"https:\/\/www.fondationjfp.com\/en\/product\/dvd-gala-concert-june-5-2019\/#primaryimage\"},\"thumbnailUrl\":\"https:\/\/www.fondationjfp.com\/wp-content\/uploads\/2022\/01\/f2b700_fda4721a04784b55979ad1848dbef21c_mv2.webp\",\"datePublished\":\"2022-01-14T00:08:18+00:00\",\"dateModified\":\"2022-04-15T00:23:23+00:00\",\"breadcrumb\":{\"@id\":\"https:\/\/www.fondationjfp.com\/en\/product\/dvd-gala-concert-june-5-2019\/#breadcrumb\"},\"inLanguage\":\"en-US\",\"potentialAction\":[{\"@type\":\"ReadAction\",\"target\":[\"https:\/\/www.fondationjfp.com\/en\/product\/dvd-gala-concert-june-5-2019\/\"]}]},{\"@type\":\"ImageObject\",\"inLanguage\":\"en-US\",\"@id\":\"https:\/\/www.fondationjfp.com\/en\/product\/dvd-gala-concert-june-5-2019\/#primaryimage\",\"url\":\"https:\/\/www.fondationjfp.com\/wp-content\/uploads\/2022\/01\/f2b700_fda4721a04784b55979ad1848dbef21c_mv2.webp\",\"contentUrl\":\"https:\/\/www.fondationjfp.com\/wp-content\/uploads\/2022\/01\/f2b700_fda4721a04784b55979ad1848dbef21c_mv2.webp\",\"width\":500,\"height\":500},{\"@type\":\"BreadcrumbList\",\"@id\":\"https:\/\/www.fondationjfp.com\/en\/product\/dvd-gala-concert-june-5-2019\/#breadcrumb\",\"itemListElement\":[{\"@type\":\"ListItem\",\"position\":1,\"name\":\"Accueil\",\"item\":\"https:\/\/www.fondationjfp.com\/en\/\"},{\"@type\":\"ListItem\",\"position\":2,\"name\":\"Boutique\",\"item\":\"https:\/\/www.fondationjfp.com\/boutique\/\"},{\"@type\":\"ListItem\",\"position\":3,\"name\":\"DVD &#8211; Gala Concert June 5, 2019\"}]},{\"@type\":\"WebSite\",\"@id\":\"https:\/\/www.fondationjfp.com\/en\/#website\",\"url\":\"https:\/\/www.fondationjfp.com\/en\/\",\"name\":\"Fondation JFP\",\"description\":\"Soutenir les r\u00eaves et l&#039;excellence en musique\",\"publisher\":{\"@id\":\"https:\/\/www.fondationjfp.com\/en\/#organization\"},\"potentialAction\":[{\"@type\":\"SearchAction\",\"target\":{\"@type\":\"EntryPoint\",\"urlTemplate\":\"https:\/\/www.fondationjfp.com\/en\/?s={search_term_string}\"},\"query-input\":{\"@type\":\"PropertyValueSpecification\",\"valueRequired\":true,\"valueName\":\"search_term_string\"}}],\"inLanguage\":\"en-US\"},{\"@type\":\"Organization\",\"@id\":\"https:\/\/www.fondationjfp.com\/en\/#organization\",\"name\":\"Fondation Joseph-Fran\u00e7ois-Perrault\",\"url\":\"https:\/\/www.fondationjfp.com\/en\/\",\"logo\":{\"@type\":\"ImageObject\",\"inLanguage\":\"en-US\",\"@id\":\"https:\/\/www.fondationjfp.com\/en\/#\/schema\/logo\/image\/\",\"url\":\"https:\/\/www.fondationjfp.com\/wp-content\/uploads\/2021\/11\/logo-complet-blanc-1.png\",\"contentUrl\":\"https:\/\/www.fondationjfp.com\/wp-content\/uploads\/2021\/11\/logo-complet-blanc-1.png\",\"width\":551,\"height\":63,\"caption\":\"Fondation Joseph-Fran\u00e7ois-Perrault\"},\"image\":{\"@id\":\"https:\/\/www.fondationjfp.com\/en\/#\/schema\/logo\/image\/\"}}]}<\/script>\n<!-- \/ Yoast SEO plugin. -->","yoast_head_json":{"title":"DVD - Gala Concert June 5, 2019 | Fondation JFP","robots":{"index":"index","follow":"follow","max-snippet":"max-snippet:-1","max-image-preview":"max-image-preview:large","max-video-preview":"max-video-preview:-1"},"canonical":"https:\/\/www.fondationjfp.com\/en\/product\/dvd-gala-concert-june-5-2019\/","og_locale":"en_US","og_type":"article","og_title":"DVD - Gala Concert June 5, 2019 | Fondation JFP","og_description":"DVD of the Gala concert of June 5, 2019 at the Th\u00e9atre Maisonneuve with Arnaud Soly and the vocal quartet QW4RTZ to celebrate 40 years of music at Joseph-Fran\u00e7ois-Perrault.  The JFP Symphony Orchestra conducted by \u00c9ric Levasseur and the JFP Choir conducted by Pascal C\u00f4t\u00e9 performed works by Borodin, Stravinsky, Tchaikovsky and Rossini as well as two concertos with Ka\u00efla Stephanos and Levon Markosyan.","og_url":"https:\/\/www.fondationjfp.com\/en\/product\/dvd-gala-concert-june-5-2019\/","og_site_name":"Fondation JFP","article_modified_time":"2022-04-15T00:23:23+00:00","og_image":[{"width":500,"height":500,"url":"https:\/\/www.fondationjfp.com\/wp-content\/uploads\/2022\/01\/f2b700_fda4721a04784b55979ad1848dbef21c_mv2.webp","type":"image\/webp"}],"twitter_card":"summary_large_image","schema":{"@context":"https:\/\/schema.org","@graph":[{"@type":"WebPage","@id":"https:\/\/www.fondationjfp.com\/en\/product\/dvd-gala-concert-june-5-2019\/","url":"https:\/\/www.fondationjfp.com\/en\/product\/dvd-gala-concert-june-5-2019\/","name":"DVD - Gala Concert June 5, 2019 | Fondation JFP","isPartOf":{"@id":"https:\/\/www.fondationjfp.com\/en\/#website"},"primaryImageOfPage":{"@id":"https:\/\/www.fondationjfp.com\/en\/product\/dvd-gala-concert-june-5-2019\/#primaryimage"},"image":{"@id":"https:\/\/www.fondationjfp.com\/en\/product\/dvd-gala-concert-june-5-2019\/#primaryimage"},"thumbnailUrl":"https:\/\/www.fondationjfp.com\/wp-content\/uploads\/2022\/01\/f2b700_fda4721a04784b55979ad1848dbef21c_mv2.webp","datePublished":"2022-01-14T00:08:18+00:00","dateModified":"2022-04-15T00:23:23+00:00","breadcrumb":{"@id":"https:\/\/www.fondationjfp.com\/en\/product\/dvd-gala-concert-june-5-2019\/#breadcrumb"},"inLanguage":"en-US","potentialAction":[{"@type":"ReadAction","target":["https:\/\/www.fondationjfp.com\/en\/product\/dvd-gala-concert-june-5-2019\/"]}]},{"@type":"ImageObject","inLanguage":"en-US","@id":"https:\/\/www.fondationjfp.com\/en\/product\/dvd-gala-concert-june-5-2019\/#primaryimage","url":"https:\/\/www.fondationjfp.com\/wp-content\/uploads\/2022\/01\/f2b700_fda4721a04784b55979ad1848dbef21c_mv2.webp","contentUrl":"https:\/\/www.fondationjfp.com\/wp-content\/uploads\/2022\/01\/f2b700_fda4721a04784b55979ad1848dbef21c_mv2.webp","width":500,"height":500},{"@type":"BreadcrumbList","@id":"https:\/\/www.fondationjfp.com\/en\/product\/dvd-gala-concert-june-5-2019\/#breadcrumb","itemListElement":[{"@type":"ListItem","position":1,"name":"Accueil","item":"https:\/\/www.fondationjfp.com\/en\/"},{"@type":"ListItem","position":2,"name":"Boutique","item":"https:\/\/www.fondationjfp.com\/boutique\/"},{"@type":"ListItem","position":3,"name":"DVD &#8211; Gala Concert June 5, 2019"}]},{"@type":"WebSite","@id":"https:\/\/www.fondationjfp.com\/en\/#website","url":"https:\/\/www.fondationjfp.com\/en\/","name":"Fondation JFP","description":"Soutenir les r\u00eaves et l&#039;excellence en musique","publisher":{"@id":"https:\/\/www.fondationjfp.com\/en\/#organization"},"potentialAction":[{"@type":"SearchAction","target":{"@type":"EntryPoint","urlTemplate":"https:\/\/www.fondationjfp.com\/en\/?s={search_term_string}"},"query-input":{"@type":"PropertyValueSpecification","valueRequired":true,"valueName":"search_term_string"}}],"inLanguage":"en-US"},{"@type":"Organization","@id":"https:\/\/www.fondationjfp.com\/en\/#organization","name":"Fondation Joseph-Fran\u00e7ois-Perrault","url":"https:\/\/www.fondationjfp.com\/en\/","logo":{"@type":"ImageObject","inLanguage":"en-US","@id":"https:\/\/www.fondationjfp.com\/en\/#\/schema\/logo\/image\/","url":"https:\/\/www.fondationjfp.com\/wp-content\/uploads\/2021\/11\/logo-complet-blanc-1.png","contentUrl":"https:\/\/www.fondationjfp.com\/wp-content\/uploads\/2021\/11\/logo-complet-blanc-1.png","width":551,"height":63,"caption":"Fondation Joseph-Fran\u00e7ois-Perrault"},"image":{"@id":"https:\/\/www.fondationjfp.com\/en\/#\/schema\/logo\/image\/"}}]}},"_links":{"self":[{"href":"https:\/\/www.fondationjfp.com\/en\/wp-json\/wp\/v2\/product\/1554","targetHints":{"allow":["GET"]}}],"collection":[{"href":"https:\/\/www.fondationjfp.com\/en\/wp-json\/wp\/v2\/product"}],"about":[{"href":"https:\/\/www.fondationjfp.com\/en\/wp-json\/wp\/v2\/types\/product"}],"wp:featuredmedia":[{"embeddable":true,"href":"https:\/\/www.fondationjfp.com\/en\/wp-json\/wp\/v2\/media\/1161"}],"wp:attachment":[{"href":"https:\/\/www.fondationjfp.com\/en\/wp-json\/wp\/v2\/media?parent=1554"}],"wp:term":[{"taxonomy":"product_brand","embeddable":true,"href":"https:\/\/www.fondationjfp.com\/en\/wp-json\/wp\/v2\/product_brand?post=1554"},{"taxonomy":"product_cat","embeddable":true,"href":"https:\/\/www.fondationjfp.com\/en\/wp-json\/wp\/v2\/product_cat?post=1554"},{"taxonomy":"product_tag","embeddable":true,"href":"https:\/\/www.fondationjfp.com\/en\/wp-json\/wp\/v2\/product_tag?post=1554"}],"curies":[{"name":"wp","href":"https:\/\/api.w.org\/{rel}","templated":true}]}}

<p>DVD of the Gala concert of June 5, 2019 at the Théatre Maisonneuve with Arnaud Soly and the vocal quartet QW4RTZ to celebrate 40 years of music at Joseph-François-Perrault.</p>
<p>The JFP Symphony Orchestra conducted by Éric Levasseur and the JFP Choir conducted by Pascal Côté performed works by Borodin, Stravinsky, Tchaikovsky and Rossini as well as two concertos with Kaïla Stephanos and Levon Markosyan.</p>

<!-- This site is optimized with the Yoast SEO plugin v24.5 - https://yoast.com/wordpress/plugins/seo/ -->
<title>DVD - Gala Concert June 5, 2019 | Fondation JFP</title>
<meta name="robots" content="index, follow, max-snippet:-1, max-image-preview:large, max-video-preview:-1" />
<link rel="canonical" href="https://www.fondationjfp.com/en/product/dvd-gala-concert-june-5-2019/" />
<meta property="og:locale" content="en_US" />
<meta property="og:type" content="article" />
<meta property="og:title" content="DVD - Gala Concert June 5, 2019 | Fondation JFP" />
<meta property="og:description" content="DVD of the Gala concert of June 5, 2019 at the Théatre Maisonneuve with Arnaud Soly and the vocal quartet QW4RTZ to celebrate 40 years of music at Joseph-François-Perrault.  The JFP Symphony Orchestra conducted by Éric Levasseur and the JFP Choir conducted by Pascal Côté performed works by Borodin, Stravinsky, Tchaikovsky and Rossini as well as two concertos with Kaïla Stephanos and Levon Markosyan." />
<meta property="og:url" content="https://www.fondationjfp.com/en/product/dvd-gala-concert-june-5-2019/" />
<meta property="og:site_name" content="Fondation JFP" />
<meta property="article:modified_time" content="2022-04-15T00:23:23+00:00" />
<meta property="og:image" content="https://www.fondationjfp.com/wp-content/uploads/2022/01/f2b700_fda4721a04784b55979ad1848dbef21c_mv2.webp" />
	<meta property="og:image:width" content="500" />
	<meta property="og:image:height" content="500" />
	<meta property="og:image:type" content="image/webp" />
<meta name="twitter:card" content="summary_large_image" />
<script type="application/ld+json" class="yoast-schema-graph">{"@context":"https://schema.org","@graph":[{"@type":"WebPage","@id":"https://www.fondationjfp.com/en/product/dvd-gala-concert-june-5-2019/","url":"https://www.fondationjfp.com/en/product/dvd-gala-concert-june-5-2019/","name":"DVD - Gala Concert June 5, 2019 | Fondation JFP","isPartOf":{"@id":"https://www.fondationjfp.com/en/#website"},"primaryImageOfPage":{"@id":"https://www.fondationjfp.com/en/product/dvd-gala-concert-june-5-2019/#primaryimage"},"image":{"@id":"https://www.fondationjfp.com/en/product/dvd-gala-concert-june-5-2019/#primaryimage"},"thumbnailUrl":"https://www.fondationjfp.com/wp-content/uploads/2022/01/f2b700_fda4721a04784b55979ad1848dbef21c_mv2.webp","datePublished":"2022-01-14T00:08:18+00:00","dateModified":"2022-04-15T00:23:23+00:00","breadcrumb":{"@id":"https://www.fondationjfp.com/en/product/dvd-gala-concert-june-5-2019/#breadcrumb"},"inLanguage":"en-US","potentialAction":[{"@type":"ReadAction","target":["https://www.fondationjfp.com/en/product/dvd-gala-concert-june-5-2019/"]}]},{"@type":"ImageObject","inLanguage":"en-US","@id":"https://www.fondationjfp.com/en/product/dvd-gala-concert-june-5-2019/#primaryimage","url":"https://www.fondationjfp.com/wp-content/uploads/2022/01/f2b700_fda4721a04784b55979ad1848dbef21c_mv2.webp","contentUrl":"https://www.fondationjfp.com/wp-content/uploads/2022/01/f2b700_fda4721a04784b55979ad1848dbef21c_mv2.webp","width":500,"height":500},{"@type":"BreadcrumbList","@id":"https://www.fondationjfp.com/en/product/dvd-gala-concert-june-5-2019/#breadcrumb","itemListElement":[{"@type":"ListItem","position":1,"name":"Accueil","item":"https://www.fondationjfp.com/en/"},{"@type":"ListItem","position":2,"name":"Boutique","item":"https://www.fondationjfp.com/boutique/"},{"@type":"ListItem","position":3,"name":"DVD &#8211; Gala Concert June 5, 2019"}]},{"@type":"WebSite","@id":"https://www.fondationjfp.com/en/#website","url":"https://www.fondationjfp.com/en/","name":"Fondation JFP","description":"Soutenir les rêves et l&#039;excellence en musique","publisher":{"@id":"https://www.fondationjfp.com/en/#organization"},"potentialAction":[{"@type":"SearchAction","target":{"@type":"EntryPoint","urlTemplate":"https://www.fondationjfp.com/en/?s={search_term_string}"},"query-input":{"@type":"PropertyValueSpecification","valueRequired":true,"valueName":"search_term_string"}}],"inLanguage":"en-US"},{"@type":"Organization","@id":"https://www.fondationjfp.com/en/#organization","name":"Fondation Joseph-François-Perrault","url":"https://www.fondationjfp.com/en/","logo":{"@type":"ImageObject","inLanguage":"en-US","@id":"https://www.fondationjfp.com/en/#/schema/logo/image/","url":"https://www.fondationjfp.com/wp-content/uploads/2021/11/logo-complet-blanc-1.png","contentUrl":"https://www.fondationjfp.com/wp-content/uploads/2021/11/logo-complet-blanc-1.png","width":551,"height":63,"caption":"Fondation Joseph-François-Perrault"},"image":{"@id":"https://www.fondationjfp.com/en/#/schema/logo/image/"}}]}</script>
<!-- / Yoast SEO plugin. -->

DVD of the Gala concert of June 5, 2019 at the Théatre Maisonneuve with Arnaud Soly and the vocal quartet QW4RTZ to celebrate 40 years of music at Joseph-François-Perrault.  The JFP Symphony Orchestra conducted by Éric Levasseur and the JFP Choir conducted by Pascal Côté performed works by Borodin, Stravinsky, Tchaikovsky and Rossini as well as two concertos with Kaïla Stephanos and Levon Markosyan.

Soutenir les rêves et l&#039;excellence en musique

Fondation Joseph-François-Perrault
