{"version":"1.0","provider_name":"Fondation JFP","provider_url":"https:\/\/www.fondationjfp.com\/en\/","author_name":"orphic","author_url":"https:\/\/www.fondationjfp.com\/en\/author\/orphic\/","title":"DVD - Gala Concert June 5, 2019 | Fondation JFP","type":"rich","width":600,"height":338,"html":"<blockquote class=\"wp-embedded-content\" data-secret=\"SQYLPqvuZM\"><a href=\"https:\/\/www.fondationjfp.com\/en\/product\/dvd-gala-concert-june-5-2019\/\">DVD &#8211; Gala Concert June 5, 2019<\/a><\/blockquote><iframe sandbox=\"allow-scripts\" security=\"restricted\" src=\"https:\/\/www.fondationjfp.com\/en\/product\/dvd-gala-concert-june-5-2019\/embed\/#?secret=SQYLPqvuZM\" width=\"600\" height=\"338\" title=\"&#8220;DVD &#8211; Gala Concert June 5, 2019&#8221; &#8212; Fondation JFP\" data-secret=\"SQYLPqvuZM\" frameborder=\"0\" marginwidth=\"0\" marginheight=\"0\" scrolling=\"no\" class=\"wp-embedded-content\"><\/iframe><script>\n\/*! This file is auto-generated *\/\n!function(d,l){\"use strict\";l.querySelector&&d.addEventListener&&\"undefined\"!=typeof URL&&(d.wp=d.wp||{},d.wp.receiveEmbedMessage||(d.wp.receiveEmbedMessage=function(e){var t=e.data;if((t||t.secret||t.message||t.value)&&!\/[^a-zA-Z0-9]\/.test(t.secret)){for(var s,r,n,a=l.querySelectorAll('iframe[data-secret=\"'+t.secret+'\"]'),o=l.querySelectorAll('blockquote[data-secret=\"'+t.secret+'\"]'),c=new RegExp(\"^https?:$\",\"i\"),i=0;i<o.length;i++)o[i].style.display=\"none\";for(i=0;i<a.length;i++)s=a[i],e.source===s.contentWindow&&(s.removeAttribute(\"style\"),\"height\"===t.message?(1e3<(r=parseInt(t.value,10))?r=1e3:~~r<200&&(r=200),s.height=r):\"link\"===t.message&&(r=new URL(s.getAttribute(\"src\")),n=new URL(t.value),c.test(n.protocol))&&n.host===r.host&&l.activeElement===s&&(d.top.location.href=t.value))}},d.addEventListener(\"message\",d.wp.receiveEmbedMessage,!1),l.addEventListener(\"DOMContentLoaded\",function(){for(var e,t,s=l.querySelectorAll(\"iframe.wp-embedded-content\"),r=0;r<s.length;r++)(t=(e=s[r]).getAttribute(\"data-secret\"))||(t=Math.random().toString(36).substring(2,12),e.src+=\"#?secret=\"+t,e.setAttribute(\"data-secret\",t)),e.contentWindow.postMessage({message:\"ready\",secret:t},\"*\")},!1)))}(window,document);\n\/\/# sourceURL=https:\/\/www.fondationjfp.com\/wp-includes\/js\/wp-embed.min.js\n<\/script>\n","thumbnail_url":"https:\/\/www.fondationjfp.com\/wp-content\/uploads\/2022\/01\/f2b700_fda4721a04784b55979ad1848dbef21c_mv2.webp","thumbnail_width":500,"thumbnail_height":500,"description":"DVD of the Gala concert of June 5, 2019 at the Th\u00e9atre Maisonneuve with Arnaud Soly and the vocal quartet QW4RTZ to celebrate 40 years of music at Joseph-Fran\u00e7ois-Perrault.  The JFP Symphony Orchestra conducted by \u00c9ric Levasseur and the JFP Choir conducted by Pascal C\u00f4t\u00e9 performed works by Borodin, Stravinsky, Tchaikovsky and Rossini as well as two concertos with Ka\u00efla Stephanos and Levon Markosyan."}

DVD of the Gala concert of June 5, 2019 at the Théatre Maisonneuve with Arnaud Soly and the vocal quartet QW4RTZ to celebrate 40 years of music at Joseph-François-Perrault.  The JFP Symphony Orchestra conducted by Éric Levasseur and the JFP Choir conducted by Pascal Côté performed works by Borodin, Stravinsky, Tchaikovsky and Rossini as well as two concertos with Kaïla Stephanos and Levon Markosyan.
